e o(-4). Suppose -28*s + k = -6*s. What is the highest common divisor of 80 and s?
20
Suppose -132*k + 3150 = 25*k + 18*k. What is the highest common divisor of k and 288?
18
Let a be 2 + 12 + 24/(-6). Let j be (16/40)/(2 - (-18)/(-10)). Let l(v) = 21*v - 2. Let x be l(j). Calculate the greatest common divisor of x and a.
10
Let l(i) = -i**2 + 8*i - 6. Let s(f) = f - 3. Let y be s(7). Let q be l(y). Suppose 87*n - 90*n = -30. What is the greatest common factor of q and n?
10
Let p = 324 + -324. Suppose -b + 2*b + 4*f - 296 = p, -3*f + 294 = b. What is the greatest common factor of 18 and b?
18
Let m(u) = -140*u + 473. Let d be m(1). What is the greatest common divisor of d and 1591?
37
Let t be (4815*1)/3 - (-45)/(-16 - -7). Calculate the greatest common factor of t and 300.
100
Let x be ((-1 - 1) + 1)/((-1)/(-15)). Let u be 2110/6 - 5/x. Suppose -2 = -b - 6, 3*b = -5*v + 148. What is the greatest common factor of u and v?
32
Let h be (-2132418)/(-4847) + 2/37. Calculate the greatest common factor of 260 and h.
20
Let u be (120/45)/(24/10998). What is the greatest common factor of 494 and u?
26
Suppose 2*i = 5*i - 735. Suppose -1047 = 3*k + 4*z, 7 = 2*z + 1. Let a = 451 + k. What is the highest common factor of i and a?
49
Suppose 1220*w = -111*w + 436 + 8881. Let l(y) = -y**3 - y**2 + 1. Let x be l(-1). What is the greatest common divisor of w and x?
1
Let s = 363 + -303. Suppose 4*g = -u + s, 3*g + 5*u = 11 + 17. What is the greatest common divisor of 56 and g?
8
Let t(n) = 381*n**2 + 191*n - 15. Let d be t(2). Calculate the highest common factor of 186 and d.
31
Suppose 10*w + i + 11 = 8*w, 23 = -w + 3*i. Let p be (-1238)/(-8) + 6/w. Suppose 0*f - 7*f + p = 0. Calculate the greatest common divisor of 11 and f.
11
Suppose -236 = -13*i + 180. Let s = -8 + i. Suppose -u - s = -36. Calculate the greatest common divisor of u and 3.
3
Let z(s) = 2*s**3 + 6*s**2 + 6*s + 1. Let b be z(-6). Let u = -98 - b. Suppose 293*y = -14*y - 177*y + 4356. What is the highest common factor of u and y?
9
Suppose 23*n - 3032 + 410 = 0. Calculate the highest common divisor of 190 and n.
38
Let j be (-10)/4*(-28 + 30 + (-8072)/5). What is the greatest common divisor of 139 and j?
139
Let u = 3351 - 3253. Calculate the highest common divisor of 378 and u.
14
Suppose 39 = -2*n + 47. Let q be -10 + (-2 - -2 - 1). Let d be (-2)/q - 100/(-55). Calculate the highest common divisor of d and n.
2
Suppose 50*y - 80250 = 26*y - 83*y. Calculate the highest common factor of y and 4575.
75
Let r(n) = -4*n - 106. Let p be r(-27). Suppose 12*l - p*x + 336 = 16*l, 3*l = -4*x + 247. What is the highest common factor of l and 17?
17
Suppose -2*v = 0, l - 4*l = -3*v. Suppose l*r + 30 = 3*r. Suppose -28*t = -20*t - 16. What is the highest common factor of r and t?
2
Suppose 0 = -4*p + 666 - 90. Let b = 27 + -20. Suppose 3*d - b*d = -64. Calculate the greatest common divisor of d and p.
16
Suppose 0 = 55*d + 7256 - 78481. Calculate the greatest common factor of d and 111.
37
Suppose 2*l = 70*p - 67*p + 9288, 13971 = 3*l + 2*p. What is the highest common divisor of l and 165?
33
Let s be (-199)/(-1) + (4 - 6) + 12. Calculate the highest common divisor of 1577 and s.
19
Let v be ((-6132)/5)/(((-1)/(7 - 8))/(-5)). Calculate the highest common divisor of 24 and v.
12
Let o be 6/(-2)*(-36)/27. Suppose -5*r = o*i + 20, 2*r - 58 = i + 4*i. Let d be ((-2)/(-4))/(5/i) + 25. Calculate the highest common factor of d and 16.
8
Suppose 915*f - 419 - 829 = 899*f. What is the highest common factor of 24726 and f?
78
Suppose -735*t + 734*t + 5*b = 0, -4*t - 5*b + 150 = 0. What is the greatest common divisor of 21 and t?
3
Suppose k = 4*b - k - 5326, 0 = -11*b - k + 14653. Calculate the greatest common factor of b and 111.
111
Suppose -11*w - 102 + 669 = -3*i, i - 100 = -2*w. Suppose -5*c + 0*c = -2*f - 763, 0 = -c + 3*f + 150. What is the greatest common divisor of w and c?
51
Let u(x) = 12*x**2 + 1 - x**2 - x + 0*x**2 - x**2. Let i be u(1). Let o be (-25 - 156/(-12)) + 125 + -3. What is the highest common divisor of o and i?
10
Let m be (-864)/(-33) - -5*2/(-55). Suppose 4*n + 438 = b - 684, -2*b = 2*n - 2234. What is the greatest common factor of b and m?
26
Let t(l) = -29 + 27*l - 12 - 8*l - 4. Let n be t(3). Calculate the highest common factor of n and 42.
6
Let v(f) = 266*f**2 - 17*f + 34. Let d be v(2). Calculate the highest common factor of d and 133.
133
Suppose 0 = 5*i - 3*i + 2*o - 88, 0 = i + 4*o - 53. Suppose 2*u = -y + i, -3*u + 49 = -5*y + 4*y. Calculate the greatest common divisor of 153 and u.
9
Let h be (-5)/(15/(-13))*3. Let p = h + -7. Suppose 9*a - 21 = p*a. Calculate the highest common factor of a and 21.
7
Let v be (-19)/(-18 + 12 + 5). Calculate the greatest common divisor of v and 2.
1
Suppose 9*g - 9 = -18. Let i = 39 - g. What is the greatest common factor of 30 and i?
10
Let j be 5 - (-35)/(-14)*-16. Suppose -5*l + 2*y = -268, 12*l + 2*y = 13*l - 52. What is the highest common factor of l and j?
9
Suppose -248*u = -262*u + 2646. Calculate the greatest common divisor of 2478 and u.
21
Let q be ((-254)/(-10))/(2/68) - 36/(-90). Calculate the greatest common factor of 384 and q.
96
Let g(a) = 2*a**2 + 8*a + 6. Suppose -5*j + 0*j - 25 = 0. Let q be g(j). Let p = 14 + q. What is the greatest common divisor of 20 and p?
10
Let o = 286 - 264. Suppose 0 = o*m + 12*m - 1530. Calculate the greatest common factor of 255 and m.
15
Suppose -4*a - a = -185. Let q = -47 + 24. Let g = a + q. What is the highest common factor of 21 and g?
7
Let d = -39 - -18. Let m be (55/(-77) - 2/7)*d. Let l be (8/(-10))/((-24)/420). What is the greatest common factor of m and l?
7
Let s be (150/35)/(1/(-7)). Let i = -37 - s. Let b(l) = 3*l**2 + 13*l - 8. Let j be b(i). What is the highest common divisor of j and 240?
48
Let t(y) = y**3 - 32*y**2 - 67*y - 19. Let x be t(34). Suppose 4*g = 345 + 135. Calculate the highest common factor of g and x.
15
Suppose -5*z - 26 = 24. Let c be (60/25)/((-2)/z). Suppose c*x = -5*x + 153. Calculate the highest common divisor of 6 and x.
3
Let g(l) = l**3 - 22*l**2 + 119*l - 15. Let i be g(13). What is the greatest common divisor of i and 451?
11
Suppose -9*c + 7544 - 1370 = 0. Let z = -426 + c. Calculate the greatest common factor of 104 and z.
52
Let p(w) = -173*w. Let k be p(-2). Suppose 0 = 36*c - 50 - k. What is the greatest common divisor of c and 781?
11
Let m be ((-17)/(-2))/((-3)/42). Let l = 195 + m. Suppose -o = -x + 19, -12*o - 76 = -4*x - 7*o. What is the greatest common divisor of l and x?
19
Let q(h) = 12*h**2 + 124*h + 11. Let j be q(-20). What is the greatest common factor of 4403 and j?
259
Let f = 42 + 112. Suppose -266 = -12*r + f. Calculate the highest common divisor of 315 and r.
35
Let z = -14028 + 14074. Calculate the highest common factor of 1978 and z.
46
Let n = 8428 + -8372. Let h be (-8)/10 - (-2)/(-10). Let d be h/4 - 116/(-16). What is the highest common divisor of d and n?
7
Let f(x) = 1 + 53 - 2315*x + 12 + 2324*x. Let j be f(-5). What is the highest common divisor of 462 and j?
21
Let i = 229 + -34. Let v be (-405)/(-90)*52/6. What is the highest common factor of v and i?
39
Suppose 3*o + 21 = -t + 2*t, 0 = 2*t - 2*o - 22. Suppose 285 = t*r + 45. Let j(a) = -5*a - 2. Let v be j(-2). What is the greatest common factor of r and v?
8
Let o = 13318 - 13066. What is the greatest common divisor of 1092 and o?
84
Suppose -11696 = -12*f - 11156. What is the greatest common factor of 513 and f?
9
Let i be ((-32)/(-20))/(-4) - (-24)/10. Suppose -3*t + 1083 = l, -3*l + 67 + 655 = i*t. Calculate the highest common factor of 19 and t.
19
Suppose 3*o + 287 = g + 3291, 0 = -2*o - 2*g + 2000. What is the highest common divisor of o and 3619?
77
Suppose -10*b = -9*b - 6. Let d be (35/7 - 6) + b + 1. Calculate the highest common factor of d and 78.
6
Let a(i) = 5*i**2 + 120*i + 1231. Let h be a(-11). Calculate the greatest common divisor of 12 and h.
12
Suppose -145*u = -137*u - 72640. What is the greatest common divisor of u and 40?
40
Let o(i) = -2*i + 2. Let y be o(7). Let b be (-3)/y - 86/(-8). Let r be -101*2/(-18) - 100/450. What is the greatest common divisor of b and r?
11
Let k = -68 - -65. Let u(p) = p + 13. Let t be u(k). Let g = 65 - -15.